
-276288
In base 14, what is -19 + -292c?
-2947
In base 5, what is -1223 + -40322?
-42100
In base 3, what is 1010020 + 1210122?
2220212
In base 3, what is -200220 - 10021012?
-10222002
In base 9, what is 40 + -15717?
-15667
In base 11, what is -762 - 161?
-913
In base 14, what is 7 + 515?
51c
In base 7, what is 2050 - 12?
2035
In base 14, what is -1 - a33d?
-a340
In base 8, what is -602 + -3177?
-4001
In base 5, what is -10 + -32232?
-32242
In base 8, what is -5430 - -144?
-5264
In base 2, what is 100 + -10101000100100?
-10101000100000
In base 6, what is -51 - -14555?
14504
In base 8, what is 52512 + 42?
52554
In base 16, what is 71 - 1776?
-1705
In base 3, what is 100021 - -12221020?
20021111
In base 5, what is 13103 - -1?
13104
In base 13, what is 3 + 580b?
5811
In base 12, what is 13 - 413a?
-4127
In base 8, what is 240 + 55?
315
In base 15, what is 347 - -28?
370
In base 5, what is -11121 - -3?
-11113
In base 5, what is -14 + -1220?
-1234
In base 16, what is -154f - 13?
-1562
In base 10, what is -508 - -59?
-449
In base 12, what is -378 - -5a?
-31a
In base 15, what is 38 + -55a5?
-556c
In base 14, what is 40a + -27?
3c3
In base 4, what is 2311123030 + 11?
2311123101
In base 3, what is -1110 + 2211101?
2202221
In base 13, what is 41 + 57b?
5bc
In base 14, what is -1 + -447?
-448
In base 11, what is -1 - -119243?
119242
In base 13, what is -18987 + 2a?
-1895a
In base 7, what is 3 + -20330?
-20324
In base 7, what is 32163 - -243?
32436
In base 9, what is -263142 - -45?
-263086
In base 13, what is a66 + -10b?
958
In base 5, what is -110 - 21134243?
-21134403
In base 8, what is 1670523 - -2?
1670525
In base 5, what is 12 - 301?
-234
In base 6, what is 0 - -221525?
221525
In base 16, what is -69 - 2004?
-206d
In base 13, what is 2 - -10740?
10742
In base 3, what is -20111 - 22010210?
-22101021
In base 13, what is 10c - -33a?
449
In base 10, what is -6214 + 240?
-5974
In base 5, what is -141002 + -40?
-141042
In base 7, what is 163 + -516?
-323
In base 11, what is -18700 + 21?
-1868a
In base 3, what is -1111 - -101001001?
100222120
In base 3, what is -12 + -12122001?
-12122020
In base 2, what is 10110111010010111000 - 100?
10110111010010110100
In base 4, what is -131201131 - 32?
-131201223
In base 13, what is 16b3 + 11?
16c4
In base 9, what is -471412 + 6?
-471405
In base 8, what is -734 + 1743?
1007
In base 12, what is -1 + 45643?
45642
In base 3, what is -21022010 - -12?
-21021221
In base 11, what is 28 + 8949?
8976
In base 8, what is 5 - 42432?
-42425
In base 6, what is -1352541 - 24?
-1353005
In base 2, what is -110101 + -10100110011101?
-10100111010010
In base 4, what is -222332 - 3132?
-232130
In base 3, what is -211221 + -11?
-212002
In base 5, what is 2012300 + 22?
2012322
In base 10, what is 3 - -2600?
2603
In base 3, what is -121201 + -11010021?
-11201222
In base 10, what is 3146 + 7?
3153
In base 15, what is 325 + -cd?
247
In base 3, what is 10012210000001 + 1?
10012210000002
In base 3, what is 102122202 - -11?
102122220
In base 14, what is 1883 - 4?
187d
In base 3, what is -100 + -11210122?
-11210222
In base 6, what is 245 + -131330?
-131041
In base 15, what is -47 + 1241?
11e9
In base 16, what is -121ed9 - 1?
-121eda
In base 5, what is -302 + -3334?
-4141
In base 3, what is -10211220110 - -12?
-10211220021
In base 6, what is 24 - 453114?
-453050
In base 10, what is 1 - -8630?
8631
In base 2, what is 1 + 1010000011010000000?
1010000011010000001
In base 10, what is 1155 + 6?
1161
In base 15, what is -90c + 1dc?
-720
In base 6, what is -10 + 4011014?
4011004
In base 16, what is 9e4e + -9?
9e45
In base 14, what is d08 + -136?
bb2
In base 11, what is -376 - 447?
-812
In base 4, what is -11211123 + -2?
-11211131
In base 4, what is 11 - -221130000?
221130011
In base 11, what is -2a804 - -3?
-2a801
In base 5, what is -34443333 - -4?
-34443324
In base 5, what is -2134421313 - -3?
-2134421310
In base 8, what is -4657 - -432?
-4225
In base 10, what is 2330537 - 3?
2330534
In base 16, what is 5634 + -6?
562e
In base 6, what is -1 + 2204541?
2204540
In base 10, what is 0 + 941?
941
In base 14, what is b8c + -10?
b7c
In base 9, what is 2 + -68875?
-68873
In base 7, what is -4 - 116563?
-116600
In base 14, what is -5 + -1667d?
-16684
In base 15, what is b7 + -1392?
-12ca
In base 12, what is 7 - 239a?
-2393
In base 8, what is -125 + -2104?
-2231
In base 4, what is 213 + -3300203?
-3233330
In base 4, what is -110311210 - 2?
-110311212
In base 3, what is -2 + -202220201000?
-202220201002
In base 9, what is -8 + 11636?
11627
In base 16, what is -4 + 726?
722
In base 2, what is 10010 + 100100111010?
100101001100
In base 7, what is -116433 + 1?
-116432
In base 8, what is 1466 - 23?
1443
In base 10, what is 3 - -1094781?
1094784
In base 10, what is -658 - -2884?
2226
In base 12, what is 102 - -901?
a03
In base 9, what is -457528 - 5?
-457534
In base 13, what is 2a7 - 36?
271
In base 2, what is -101100100 - -100100?
-101000000
In base 2, what is -10010110 + -1010100?
-11101010
In base 2, what is -11110010 + 101001100110?
100101110100
In base 10, what is -2 - 7040?
-7042
In base 13, what is -8 + b51?
b46
In base 14, what is -35 - 437?
-46c
In base 13, what is 342a9 + 0?
342a9
In base 8, what is 1464 + -72?
1372
In base 2, what is 10111000 + -11101011?
-110011
In base 3, what is 220022120 - -12?
220022202
In base 8, what is -1 + -10104?
-10105
In base 13, what is 72279 + 5?
72281
In base 10, what is -17 + 97101?
97084
In base 12, what is 2ab + 24?
313
In base 11, what is -a + 2278?
2269
In base 2, what is 101001111 + -110110?
100011001
In base 13, what is -188b2 + 0?
-188b2
In base 8, what is 0 - 6663?
-6663
In base 9, what is -10100 + 17?
-10072
In base 14, what is -72345 - -4?
-72341
In base 12, what is 6 + 1377b?
13785
In base 6, what is -21 - 3213432?
-3213453
In base 11, what is -3265 + 3?
-3262
In base 8, what is -137 - 123771?
-124130
In base 6, what is 102124133 - 1?
102124132
In base 15, what is 0 + 573d4?
573d4
In base 11, what is 802 + 5?
807
In base 10, what is -1054992 - 5?
-1054997
In base 10, what is 74260 - -1?
74261
In base 8, what is 27 + 16743?
16772
In base 3, what is -21220201022 - -12?
-21220201010
In base 8, what is 4 + -54000?
-53774
In base 6, what is -2420 - 33252?
-40112
In base 10, what is 102 - -6013?
6115
In base 8, what is 52757 - -30?
53007
In base 11, what is 4 - -12716?
1271a
In base 3, what is -1 + -110111002101?
-110111002102
In base 4, what is 2 - 10102031?
-10102023
In base 9, what is -121 + 41200?
41068
In base 16, what is 990 + 8?
998
In base 9, what is 1373617 + -3?
1373614
In base 11, what is -41982 + 0?
-41982
In base 6, what is -100501 - 155?
-101100
In base 6, what is -12253450 - -3?
-12253443
In base 7, what is -1 + 1136363?
1136362
In base 2, what is 11111010 - 10111111?
111011
In base 10, what is 117 - 1086?
-969
In base 5, what is -3132232 - -10?
-3132222
In base 14, what is -4 + 1b1cd?
1b1c9
In base 8, what is -7263 - 15?
-7300
In base 15, what is 1e191 + -4?
1e18c
In base 12, what is -1 - -1997b?
1997a
In base 10, what is 52515 - 5?
52510
In base 6, what is 121 - -5401?
5522
In base 4, what is 113 - -22110?
22223
In base 8, what is -42225 + 12?
-42213
In base 5, what is -1414002 - 203?
-1414210
In base 16, what is b83e - -11?
b84f
In base 8, what is 15 + -455?
-440
In base 10, what is 76636 - -5?
76641
In base 16, what is ed + -82?
6b
In base 4, what is -11 + 1102002130?
1102002113
In base 5, what is -1040024 - 4?
-1040033
In base 9, what is -133 + 25?
-107
In base 9, what is -2 - 2004?
-2006
In base 13, what is 6a55 - 0?
6a55
In base 3, what is 210 - 200001011?
-200000101
In base 12, what is 356527 + 0?
356527
In base 6, what is -1 - -245342?
245341
In base 16, what is d7b3 - 0?
d7b3
In base 14, what is 18 + -1960?
-1946
In base 9, what is -1325 + 2622?
1286
In base 2, what is -11110101 + 111?
-11101110
In base 4, what is -3320 + 2211?
-1103
In base 12, what is 17 + 327?
342
In base 5, what is -24031 + -12?
-24043
In base 11, what is -35 - 14?
-49
In base 11, what is 3 + 37221?
37224
In base 12, what is -3b - -267?
228
In base 12, what is -22 + -207?
-229
In base 3, what is -12 + -12121111?
-12121200
In base 10, what is -966345 - -1?
-966344
In base 4, what is -11 - -211010111?
211010100
In base 10, wh